2, what is 10001101100 + 10000001011111?
10010011001011
In base 4, what is 12 - -32333030003?
32333030021
In base 3, what is 22101220201002 + -1?
22101220201001
In base 15, what is -1 + 72dbe?
72dbd
In base 11, what is -2347a - -9a1?
-22589
In base 16, what is -1878 + 4f2c?
36b4
In base 10, what is 112551 + 144?
112695
In base 10, what is 0 - -29651615?
29651615
In base 7, what is -6 + 1563026055?
1563026046
In base 5, what is -22420111 + 223?
-22414333
In base 4, what is 121 - 10330202213?
-10330202032
In base 15, what is -b + 6a12c?
6a121
In base 14, what is 48ca9 - 26?
48c83
In base 14, what is a8 - -192c75?
192d3d
In base 3, what is 2221002222 + 210022?
2221220021
In base 13, what is 1bba165 - -11?
1bba176
In base 2, what is 1011101111100001110 + -1011000000?
1011101110001001110
In base 7, what is 2535 + -64603?
-62035
In base 8, what is 4 + -4250370?
-4250364
In base 10, what is 3 - -37815945?
37815948
In base 11, what is 812 - -35553?
36265
In base 12, what is 0 + -41368b?
-41368b
In base 4, what is 1310001013020102 - 11?
1310001013020031
In base 3, what is 211220 - 1210210221?
-1202222001
In base 9, what is -1657 + -18111?
-20768
In base 16, what is 10f + fd37?
fe46
In base 15, what is -1aa - 74a3e?
-74be9
In base 5, what is -1204430 - -213114?
-441311
In base 6, what is -2424 - 45522433?
-45525301
In base 14, what is -2202b00 - -2?
-2202adc
In base 3, what is 1120100 + 2110210?
11001010
In base 6, what is -514505 - 2023?
-520532
In base 14, what is -23b35 + -1bb?
-23d12
In base 5, what is -1044322200 + -234?
-1044322434
In base 10, what is 112228878 - 2?
112228876
In base 9, what is 4 + -6880323?
-6880318
In base 11, what is -444 - -7768?
7324
In base 2, what is 100000000 + -10000011110011111100?
-10000011101111111100
In base 11, what is 1559913 - -56?
1559969
In base 11, what is -13 - 287a58?
-287a70
In base 15, what is -33 - -619d?
616a
In base 8, what is -112 + 622514?
622402
In base 10, what is 295606 - -108?
295714
In base 6, what is -10105534 + 144?
-10105350
In base 5, what is -42134 - 43014?
-140203
In base 3, what is -221 + 1021100121100?
1021100120102
In base 7, what is -113 - 603465?
-603611
In base 10, what is 72 + 1266938?
1267010
In base 13, what is -18a85b - -c?
-18a84c
In base 6, what is 324 + -501454002?
-501453234
In base 7, what is -3111 - -2416320?
2413206
In base 16, what is 1 + -e912697?
-e912696
In base 10, what is 453 + 9409?
9862
In base 15, what is -2bee8a1 + -2?
-2bee8a3
In base 8, what is 5 - 256665710?
-256665703
In base 2, what is 1 - 1001000110001000100000101?
-1001000110001000100000100
In base 11, what is -4 - -20a2a86?
20a2a82
In base 6, what is -5204 - -2445303?
2440055
In base 3, what is 2 + -10221110211122100?
-10221110211122021
In base 5, what is 12424 - -240102?
303031
In base 9, what is 2 + -108407470?
-108407467
In base 4, what is -11 + -212300002223?
-212300002300
In base 11, what is -40995432 + 0?
-40995432
In base 4, what is -1320 + 1101013?
1033033
In base 13, what is -16cb1b - -60?
-16ca8b
In base 5, what is -1010214231 - 12?
-1010214243
In base 15, what is 77e9cb + -1d?
77e9ad
In base 8, what is -23 + -1066372?
-1066415
In base 14, what is -2a22b53 + -34?
-2a22b87
In base 12, what is -2a6860 - -60?
-2a6800
In base 3, what is -1002202002 + 10012?
-1002121220
In base 16, what is -20 + -15f494?
-15f4b4
In base 16, what is -80 - 1776fa?
-17777a
In base 6, what is -20320 + 35441?
15121
In base 10, what is -441 - 25367?
-25808
In base 14, what is -c649d23 - 1?
-c649d24
In base 14, what is -3d8773 + c?
-3d8765
In base 3, what is -111200122221020 - 12?
-111200122221102
In base 2, what is 100100 + 10110110011011001110111?
10110110011011010011011
In base 2, what is 1100 + 1101000000101101111010?
1101000000101110000110
In base 5, what is 10030340 - -1110221?
11141111
In base 10, what is 5 - -225980751?
225980756
In base 9, what is -23 + -8384340?
-8384363
In base 8, what is 4 + 432160573?
432160577
In base 7, what is 654454 + 14606?
1002363
In base 4, what is 212230111 - 23?
212230022
In base 2, what is 100 - 100101100000010010?
-100101100000001110
In base 14, what is -907 + 1584?
a7b
In base 5, what is 402330031403 - -3?
402330031411
In base 12, what is -7a06 - 3275?
-b07b
In base 8, what is 4475275 - -1?
4475276
In base 4, what is -31 + -232232131312?
-232232132003
In base 12, what is -66 + 285a?
27b4
In base 10, what is 19 - -30357134?
30357153
In base 9, what is 1355 + 738047?
740413
In base 14, what is -a080c + 125?
-a06c7
In base 16, what is -b4846c - 5?
-b48471
In base 4, what is 132 - 1032120020?
-1032113222
In base 12, what is 89 + -18741?
-18674
In base 2, what is -1000110011001011101111101011 - 0?
-1000110011001011101111101011
In base 3, what is -12222202 + -11022001?
-101021210
In base 3, what is 1122002110 - 12121?
1121212212
In base 14, what is 12a0 - 3a69?
-27a9
In base 16, what is -41b194 - -4?
-41b190
In base 16, what is -3 + 4f7181?
4f717e
In base 5, what is -40 - -214303313?
214303223
In base 5, what is -13402 + -320333?
-334240
In base 15, what is -362c20 - -19?
-362c06
In base 8, what is -42725 - 1037?
-43764
In base 3, what is 1 + 2002200220201002?
2002200220201010
In base 16, what is -3 - -210d950?
210d94d
In base 11, what is -2700 + 335a?
75a
In base 13, what is 7b + -28ca08?
-28c95a
In base 13, what is -b7a4 + 756c?
-4235
In base 15, what is -4a1 - -114?
-38c
In base 5, what is 24 - 230204142?
-230204113
In base 4, what is -2233 + -21023202210?
-21023211103
In base 12, what is -20b73157 + -7?
-20b73162
In base 12, what is -577120 - -20?
-577100
In base 5, what is -142140 - -430442?
233302
In base 11, what is -127975 + 112?
-127863
In base 15, what is -6c1 + 855?
184
In base 5, what is -34411332341 + -1?
-34411332342
In base 13, what is 17 + -2846?
-282c
In base 16, what is 5c9 - 28b0?
-22e7
In base 7, what is -4433255 + -2?
-4433260
In base 12, what is -2 - 709062?
-709064
In base 13, what is 2433b046 + -2?
2433b044
In base 5, what is 414 - -4341034?
4342003
In base 8, what is 10 - 5365241?
-5365231
In base 5, what is 122020 - 3402410?
-3230340
In base 7, what is 333644 + -642?
333002
In base 15, what is -3 + -24a865?
-24a868
In base 3, what is -101212120 + -21012?
-102010202
In base 3, what is -111 + 1212000210221?
1212000210110
In base 8, what is 7 - -206026577?
206026606
In base 9, what is -1626 - -210?
-1416
In base 3, what is 2000200020200 - 222?
2000200012201
In base 14, what is 0 + 34b784?
34b784
In base 8, what is 1135026 - 33?
1134773
In base 14, what is 4 + -2286d2c9?
-2286d2c5
In base 8, what is 517 - -2137625?
2140344
In base 8, what is 36670 - -4513?
43403
In base 16, what is -181c - 7ca?
-1fe6
In base 9, what is 0 + -2207248?
-2207248
In base 15, what is 1 - -687a09?
687a0a
In base 15, what is 3940 + 156e8?
19138
In base 6, what is 51312000 - 14?
51311542
In base 4, what is 1223030 - -1222003?
3111033
In base 10, what is 2 - 183294314?
-183294312
In base 14, what is 2516 + 50d?
2a25
In base 12, what is -ab63260 + 6?
-ab63256
In base 10, what is 3328 + 127788?
131116
In base 13, what is -4 + -125a3a5c?
-125a3a63
In base 15, what is -1 + 26c41a?
26c419
In base 3, what is 20212022000010020 + -12?
20212022000010001
In base 3, what is 102121121121022000 + 11?
102121121121022011
In base 14, what is 31 + 328526?
328557
In base 14, what is -5193aa - b?
-5193b7
In base 3, what is 0 + 22010002000012?
22010002000012
In base 5, what is -244014431 - -102?
-244014324
In base 4, what is 30322112321 + -131?
30322112130
In base 12, what is -7b + -191560?
-19161b
In base 3, what is -22 - 112000100212120?
-112000100212212
In base 15, what is 153801 - 4?
1537ec
In base 12, what is 299a + 25912?
286b0
In base 5, what is 2230110 + 322323?
3102433
In base 14, what is -3d4 + -137bb?
-13bb1
In base 6, what is 23453 - 512034?
-444141
In base 3, what is -12 - -101121111122221?
101121111122202
In base 8, what is 21346 + 10504?
32052
In base 9, what is 34257607 - 16?
34257581
In base 15, what is 24 + 26532b0?
26532d4
In base 15, what is -cd27 - 15?
-cd3c
In base 5, what is 12422210221 - -224?
12422211000
In base 14, what is 1246 + -231?
1015
In base 7, what is 6244 + 242136?
251413
In base 5, what is -10124330234 - 23?
-10124330312
In base 11, what is -465787 - -455?
-465332
In base 9, 